f**2 + 8*f. Calculate k(i).
-6
Let g(a) = -14*a - 4. Let q(r) = -r**2 + 43*r + 353. Let j be q(-7). What is g(j)?
-46
Let d(i) = i + 16. Let s(l) = 2*l**3 - l**2 - 6*l - 3. Let b be s(-2). Give d(b).
5
Let y(x) be the first derivative of x**2/2 + 2*x + 7653. Let j be (3/(-2))/(6/40). Calculate y(j).
-8
Let l(f) be the second derivative of -f**3/6 + f**2 - 9*f. Let h be l(6). Let o(y) = -y - 3. Determine o(h).
1
Let k(r) be the second derivative of r**3/6 + r**2/2 - 7*r. Suppose -11*b + 10*b + 24 = 0. Let m = -25 + b. What is k(m)?
0
Let k(j) = -j - 27 + 86 - 37 - 33. What is k(0)?
-11
Let m(i) = i**3 + 6*i**2 - i - 9. Suppose 5*w = 4*l + 1 + 38, -3*l + 3*w = 27. Calculate m(l).
-3
Suppose -2*u + 5*g = 25, -5*g + 2 = 4*u + 7. Let f(d) = d**3 + 7*d**2 + 6*d + 5. Give f(u).
25
Suppose -u = 4*u - 10. Suppose 0 = -5*k - 6*d + d + 30, 0 = u*d. Let v(i) = i**2 - 7*i + 4. Determine v(k).
-2
Suppose -47 = -5*y - 12. Suppose -q = q + 2*z - 14, 0 = -2*q + 5*z - y. Let a(v) = -10*v**2 + 30*v**2 + 4*v - 11*v**2 - 10*v**2 + 4. Give a(q).
4
Let u = -11 - -8. Let s(v) be the third derivative of -v**5/60 - v**4/6 - 2*v**3/3 - 5*v**2 + 58. Give s(u).
-1
Let m(r) = 322 - 644 + 323 + 4*r**2. Determine m(3).
37
Let i be (-7)/(28/(-8))*1. Let s(p) = -2*p**i + 2*p**2 - 2*p**2 + p + 3*p**2 - 2. Determine s(-2).
0
Let h = -3082 - -3082. Let v(o) = -o**2 - o. Let g(r) = 3*r**2 + 5*r - 13. Let x(n) = g(n) + 4*v(n). Calculate x(h).
-13
Let u = 0 + -1. Let n(a) be the third derivative of -1/40*a**6 + 1/60*a**5 + 27*a**2 + 0*a + 0*a**3 + 1/24*a**4 + 0. Give n(u).
3
Suppose -5*y + 0*y = -4*f - 149, 73 = -2*f + y. Let a be (-1)/(-4)*-7 + 9/f. Let o(h) = -4*h**2 - 2*h. Calculate o(a).
-12
Let y(k) be the second derivative of k**7/2520 - k**6/240 + k**5/60 - k**4/6 - 2*k. Let q(d) be the third derivative of y(d). Calculate q(3).
2
Let r(f) = -2*f + 6. Let q(g) = g - 22. Let d be q(25). Let a = 5 - 7. Let p = d - a. Give r(p).
-4
Let a(b) = -6*b + 2. Let n(r) = -r + 1. Let q(c) = 2*a(c) - 14*n(c). What is q(-7)?
-24
Let x(n) be the second derivative of -n**3/6 - 10*n**2 - 276*n. What is x(-11)?
-9
Suppose 12*o = 3*o + 27. Let x(z) = 9 + 0*z**o + z**3 - z + z**2 - 9*z - 9*z**2. Give x(9).
0
Suppose 24 = 86*l - 78*l. Let q(x) = x. Let g be q(2). Let m(t) = 5 - 2*t**2 + 3*t**2 - 5*t**g + l*t**2 + 4*t. What is m(6)?
-7
Let s(o) be the second derivative of 0 + 0*o**2 - 11*o + 0*o**4 - 9/20*o**5 + 0*o**3. Calculate s(1).
-9
Let j be (-1 + -3)/(4/2 + -4). Let p(b) = b**3 + 4*b**2 - 2*b - 2. Let s be p(-3). Suppose s - 1 = j*h. Let z(t) = -t**2 + 5*t + 3. Determine z(h).
-3
Let z(b) = -b**3 + 14*b**2 - 15. Let v(y) = 2*y**3 - 106*y**2 + 108*y - 194. Let u be v(52). Give z(u).
-15
Let j(d) = -121 - 9*d - 141 + 252 - d**2. Give j(-6).
8
Suppose 19 = -30*v + 49*v. Let n(d) = -42*d**3 - d + 1. Calculate n(v).
-42
Let i(k) = 10*k - 2. Let w(s) = -21*s + 5. Let u(t) = 5*i(t) + 2*w(t). Calculate u(1).
8
Let f(l) = 4*l - 2. Suppose 8*u + 25 - 1 = 0. Determine f(u).
-14
Suppose 0 = d + g + 47, -4*d - 231 = d + 3*g. Let y be (-1)/2 - d/(-10). Let i(q) = -q**3 - 6*q**2 - 4*q + 6. What is i(y)?
1
Let o(l) = -17*l**3 + l**2 - l. Suppose 0 = 137*q - 146*q + 9. Give o(q).
-17
Let o be ((-70)/42)/(2/(-18)). Suppose -4*f = -9*f - o. Let y be f/4 + 35/(-28). Let x(u) = 2*u. Determine x(y).
-4
Let o = -1054 + 1049. Let c(s) = -4*s - 5. Calculate c(o).
15
Let p(v) be the first derivative of 12 - 3/2*v**2 - 3*v + 2/3*v**3 + 1/4*v**4. Give p(-3).
-3
Let g(y) = -y**2 - 8*y + 14. Let j be g(-9). Suppose -j*w = -2*w - 78. Let h(r) = w + 22 - 55 + r. Determine h(6).
-1
Suppose 4*b = -3 - 9, 2*t + 3*b = -5. Let z(l) be the second derivative of -l**5/10 + l**4/6 - l**3/3 + l**2 + l. Determine z(t).
-10
Let p(a) be the second derivative of a**4/12 - a**3/6 - a**2 - 35*a. Give p(-2).
4
Let y(h) = -2*h**2 - 1. Let r(s) = -11*s**2 + 5*s - 4. Let l(t) = -r(t) + 6*y(t). Determine l(-4).
2
Let v(k) be the second derivative of -k**4/24 + 5*k**3/6 - 11*k**2 + 18*k. Let o(s) be the first derivative of v(s). Determine o(3).
2
Let q(t) = -3*t - 10. Let h be 6 - 2 - (-1 + 2)*14. What is q(h)?
20
Let o(t) = t + 1. Let l(m) = -m**2 - 7*m + 1. Let d(x) = -l(x) - o(x). Let q be (36/30)/((-3)/15). What is d(q)?
-2
Let a(o) be the third derivative of -o**4/8 + 19*o**3/6 + 5*o**2 - 9*o. Calculate a(12).
-17
Let i = -352 - -354. Let w be 22/(-4)*(-1 + -1). Let x(o) = -o - 13. Let g(s) = -7. Let z(r) = w*g(r) - 6*x(r). Give z(i).
13
Let r(o) = -37*o**2 + 3*o - 5*o**3 - 1 - 8*o**3 + 15*o**3 - 7*o**3 + 35*o**2. Determine r(1).
-5
Let n(i) = 7 - 4*i - 2*i + 9*i - 2. Give n(-4).
-7
Let v be (-141)/(-2) - 1/(-2). Let h be 2/(-10) - v/(-5). Let c = h + -11. Let s(t) = t**2 - 3. Determine s(c).
6
Let l(m) be the first derivative of m**4/12 - m**3/6 - m**2/2 + 5*m + 11. Let h(p) be the first derivative of l(p). Determine h(2).
1
Let s(g) be the first derivative of -7/3*g**3 + 3*g**2 - 1/4*g**4 - 2*g - 1. Calculate s(-8).
14
Let u be (2 + 4*3)*1. Let r be 4/u - 52/(-14). Let b(h) = 2*h**2 - 5*h - 1. Let p(j) = j**2 - 3*j. Let t(x) = 3*b(x) - 7*p(x). What is t(r)?
5
Let q(k) = k**3 - 2*k**2 - 6*k + 3. Let c(s) = s**3 - 6*s**2 + 7*s - 6. Let u be c(5). What is q(u)?
11
Let u(s) = -5*s - 3. Let t be u(3). Let z be t/(-3)*1/(-1). Let l(j) = -j + 3. Determine l(z).
9
Let w = 227 + -228. Let s(q) = 5*q - 2. What is s(w)?
-7
Let d(m) = m**2 + 6*m + 8. Let o = 81 + -88. What is d(o)?
15
Let b = 123 - 118. Let s(z) = 1 + 0*z + z - 5. What is s(b)?
1
Let t be -3 + -26 - (2 + -1). Let i = -25 - t. Let d(s) = 5*s + 4*s**2 + 12 - s**3 + 0*s**3 + 0*s**2 - 13. Calculate d(i).
-1
Let w(p) = 4*p + 3. Let i(c) = -c - 1. Let k(o) = 25. Let q(n) = 4*i(n) + k(n). Let x be q(6). What is w(x)?
-9
Let p(s) = 3*s**2 + 49*s + 18. Let l be p(-16). Let z(v) = -12*v - 2. Determine z(l).
-26
Let c(p) = -p**2 - 2*p - 3. Let w = 8 - 6. Suppose 5*z - 25 - 8 = w*v, -v + 3*z - 19 = 0. Calculate c(v).
-11
Suppose -671 - 1449 = 10*c. Let d = 207 + c. Let g(i) be the first derivative of -i**3/3 - i**2 + 3*i - 1. Give g(d).
-12
Let x(b) = -2*b**3 + b**2 - b - 1. Let u(y) = 5*y**3 + 2*y**2 + 2*y. Let l(c) = -u(c) - 2*x(c). Determine l(-4).
2
Let j(n) = -10*n - 20. Let u be j(-2). Suppose u = -20*v + 24*v - 28. Let d(o) = 2*o - 16. What is d(v)?
-2
Let h(k) = k + 13. Let m be h(-9). Let r = m + -7. Let j(d) = -d**3 - 3*d**2 + 3*d + 2. What is j(r)?
-7
Let q be (-16)/(-72) - (-3)/(108/64). Let z(f) be the first derivative of -2 + 3/2*f**q - 2*f. Give z(2).
4
Let h(a) = 9 + 8*a + 8 - 22 - 3*a**2 + 2*a**2. Calculate h(8).
-5
Suppose 8*v - 750 = -686. Let f(n) = 2*n. Determine f(v).
16
Suppose 71*r - 113 = 171. Let w(u) = -8*u + 11. Let z be (-6)/1*(2 + -1). Let v(q) = q - 1. Let b(n) = z*v(n) - w(n). Calculate b(r).
3
Let l(b) = 0*b**3 - 2 + 7*b + 6 - b**3 + 0 - 3*b**2. Let h be (9 - 8) + (-3*3)/(-1). Suppose -3*k - 27 = 3*i, -5*k = -3*i - h*k - 35. Determine l(i).
19
Let n(t) = -3*t**3 - 4*t**2 + 3*t**2 - 1 + 3 - 12*t**3 - 1. Give n(1).
-15
Suppose -4*w + 15 = 3*l + 46, 0 = 2*w - 10. Let u = l + 19. Let v(c) = -6*c - 2. Let p(d) = 13*d + 5. Let n(s) = 2*p(s) + 5*v(s). What is n(u)?
-8
Suppose 4*i + 2*v + 1 + 73 = 0, 4*v - 32 = 2*i. Let j be (4/(-5))/(i/45). Suppose o + 0*o = -j. Let k(r) = r + 1. Give k(o).
-1
Let q(n) = -n**2 + 8*n - 5*n - 27 - 27 + 43 + 10*n. Calculate q(11).
11
Let f be ((-27)/(-12))/(-9) - (-153)/4. Suppose -f = -9*w + 34. Let i(z) = z**2 - 9*z - 3. What is i(w)?
-11
Let k(m) = -m**3 + 4*m**2 - 4*m + 10. Let q be k(4). Suppose -d = -4*d + 9. Let x(n) = -4*n + 5*n**3 - 2*n**3 - 2*n**d + 8 + 5*n**2. Give x(q).
-4
Suppose 5*l + 12*w - 17*w + 35 = 0, l = 2*w - 8. Let s(k) = -k**3 - 6*k**2 + k + 4. Determine s(l).
-2
Let k(r) = -2*r - 6. Suppose 0*s = -b - 5*s + 4, 5*b - 48 = 3*s. Suppose 0 = -5*j - y - 4, 2*y = 3*j - 6*j - 8. Suppose -5*u - 34 + b = j. Calculate k(u).
4
Suppose -58*d + 62*d = -148. Let u = d - -32. Let g(m) = m**2 + 5*m + 6. Give g(u).
6
Let j(b) = -3*b**2 - 37*b + 36. Let u(r) = -r**2 - 13*r + 12. Let w(z) = -6*j(z) + 17*u(z). Suppose 9*v - 4*v = 0. Determine w(v).
-12
Let r(h) be the second derivative of h**3/6 + 3*h. Suppose 27 - 26 = -z. Let j be (-2 - z/(-3))*(4 + -1). Determine r(j).
-7
Let w(n) = -n**3 + n - 1. Suppose 5*k = 92 + 123. Let c